value of (-2 - -19 - 10) + (-26 - -8) + -6?
-17
What is 1 - (-1 - -46) - (13302 + -13284)?
-62
What is the value of (22 - -5) + -317 + 277?
-13
Calculate 4 - (6 + (-2 + 2 + (-25 - -27) - -35)).
-39
Calculate -3 - -10 - (-174 + 199) - -31.
13
Evaluate -22 - (5 + -24 + -57 + -36).
90
-23 + (13 - 21) + -22
-53
What is the value of 33 + -10 + -21 + -10?
-8
3 + (25 - -3) - (3395 + -3395)
31
What is 18 - (34 + -11) - ((-1 - 0) + -13)?
9
Calculate -7 + -41 - (302 + -379).
29
Calculate 14 + -11 - (-9 - 0) - (28 + 25 + -5).
-36
Evaluate -3 + -7 + 17 + -15 + 10 - 79.
-77
Evaluate 4 + 1 - (4 + -1) - 13 - -12.
1
Evaluate -2 - 8 - (38 - (-22 - -81)).
11
Calculate 54 + (-64 - -56) + -31.
15
(3 - (-12 + -11)) + (1 - (5 + -9 - -4))
27
Calculate -1 + -34 - (6 - 39 - (-75 - -46)).
-31
Evaluate 10 + (-88 + 2 - (-22 + (-2 - -24))) + 1.
-75
(6 - -47) + -26 + 1 + 241 + -222
47
What is (9 - -5 - 13) + 109 + -112?
-2
What is (-8 - (3 - 11)) + -3 - (142 + -168)?
23
Calculate -16 - ((-88 - -37) + -4).
39
What is the value of (-2 + 1 - (-14 + 0)) + 92 + -13 + -79?
13
Evaluate 51 - (16 - (-49 - 23)).
-37
What is (-127 + 126 - (-48 + -9)) + (-1 - (-1 + 13))?
43
What is (3 - 14) + 0 + -1 - (157 - (-236 + 334))?
-71
Evaluate -8 + -3 + 10 + (-101 + 7 - (-12 + 17)).
-100
What is the value of -44 + (-25 + -2 - -62 - 6)?
-15
-8 - (2 + 5 + -19 + (1 - (-7 - 1)))
-5
What is the value of -154 - (83 + -118) - -83?
-36
31 - (66 + -20) - -31
16
-2 + 129 + 1 + 10629 + -10660
97
Evaluate 7 - 32 - (6 - -12 - 42).
-1
Evaluate 133 + -35 + (-6 - (20 - 33)).
105
What is -33 + (-38 + 86 - 12)?
3
What is -68 + 2 + (2 + -16 - (1188 - 1189))?
-79
Evaluate (-44 - (-56 - -85)) + 46.
-27
Evaluate -17 - 1 - (8 - -26 - -9).
-61
What is the value of 0 - 14 - (68 + -70 + 22)?
-34
What is -32 + 13 + 4 + -5 + 24 + 16?
20
Evaluate (-144 - -132 - (2 - 43)) + 13.
42
Calculate -6 + (6 - 3) - (9 - (-9 - (-7 - -20))).
-34
What is the value of 14 + 0 + 75 + -13 - (-23 + 44)?
55
Evaluate -85 - (-88 - 35 - -89).
-51
What is the value of 17 + -37 + 42 + -2 + -10 + 8 + 9?
27
Calculate (6 - 7) + (68 - ((-2 - -21) + (-48 - -37))).
59
Evaluate -81 - (-13 - -3) - (-35 - -29) - -18.
-47
11 + ((-2 - -10) + -384 + 320 - (2 - -9))
-56
Calculate -188 - -185 - (-5 - -69).
-67
What is 1 + 38 + (1843 - 1846)?
36
What is the value of -98 + (-21 - (-3 + -20)) + 21?
-75
What is the value of 110 - 146 - -30 - (-39 - -1)?
32
Evaluate -4 - (-5 + -40 + -11 + 23 + -10).
39
Evaluate (-2 + -96 - -2) + -206 + 158 + 64.
-80
What is -67 + (-117 + 70 - -89)?
-25
Evaluate 95 - 34 - 130 - 19.
-88
-57 + (133 - 171) + 191
96
Calculate 11 + 35 + -47 - 42.
-43
Evaluate (-8 - ((-14 - 4) + (48 - 38))) + 8 + -8.
0
Calculate 147 - (36 + -55 + 49 - 26).
143
(1304 + -1301 - (-1 - -15)) + -26
-37
What is (89 - 113) + 142 - 160?
-42
What is -8 + -36 + -3 + 14 + 2 + -19?
-50
What is the value of 48 - ((-69 - -32) + 72)?
13
Evaluate ((12 - 2) + 25 + -45 - 8) + 100.
82
Evaluate -138 + -36 + 93 + 138.
57
(0 - 13) + (-10 - (-24 - (14 - 15)))
0
Calculate (-10 - -7) + (37 - (-6 + (-1 - -3))).
38
Calculate (-4 + 11 + -25 + 9 - -2) + -13.
-20
Calculate 7 - (15 - 50) - (6 + -18 + 4).
50
What is 4 - (6 + (-1 - 0)) - -97 - (3378 - 3381)?
99
What is the value of -55 + 1 - (181 - 210 - (-43 + 1))?
-67
Calculate (1047 - 1046) + -19 + 1.
-17
Evaluate (0 - -2) + (0 - 29) + 1012 + -1003.
-18
Evaluate -3 - (6 + 1 + -17) - (0 + 0 + -2).
9
What is the value of -47 - -17 - -19 - -17?
6
29 + 9 + -17 + (-7 + 3 - -14)
31
120 + -17 + 72 + -118
57
35 + (80 - 24 - 102)
-11
What is (-44 - 32) + 63 - (-44 + 1)?
30
Calculate 3 + -28 - (-32 - (10 + -55)).
-38
-19 + (5 - 5 - 13) + (111 - 12)
67
20 + 1 + -127 + 152
46
Calculate (-3 - (-4 - 4) - 12 - -13) + -5.
1
What is the value of 7907 + -7955 + -13 + 2?
-59
What is 0 + -1 + -9 + 39 + (12 + 32 - 30)?
43
Calculate 0 + 6 + 209 + -226 + (41 - 2).
28
-21 + -5 + (52 - 23)
3
7 + -24 + (-1 - -11) + 17 + -6
4
What is the value of (0 + -2 - 20 - 0) + -8229 + 8198?
-53
What is -84 + (32 - -63 - -13)?
24
Evaluate 71 - 116 - (-2 + -85).
42
(-5 - 89) + -104 + 64 + 87
-47
What is the value of 61 + (10 - 11) + -41?
19
What is -39 - (-10 - (-3 + 48))?
16
What is the value of 31 + -16 - (37 - (-44 + 84))?
18
Evaluate 1 + -15 - (74 - 64) - 4.
-28
What is the value of -15 + 13 + (476 - 483)?
-9
Evaluate -125 + 200 + (-2 - (7 + (-8 - -4))).
70
What is the value of 77 + -23 + -50 - (1 - (-2 + -6)) - -27?
22
(-8 - -1) + (-9 - -11 - 24) + (-14 - -6)
-37
Calculate (-14 - (49 + -72)) + (0 - -41) - (10 + -3).
43
Calculate (222 - 201) + -30 + 141 + 1.
133
Evaluate -28 + 1 + -27 + (7 - -16) + -11.
-42
Calculate 1 + -46 + (5 - -4 - 6).
-42
17 + (-4 - (-34 - -26 - 17))
38
Evaluate 37 + -5 - -27 - 122.
-63
What is 51 - (56 - (30 - -22))?
47
Evaluate 3 - (15 + (-8 - 2) + -2 + 3 + 23).
-26
Evaluate 14 + -1 + -42 + (11 - -8) + -8.
-18
197 + -77 - (-28 - -63)
85
What is 0 - (4 - -1) - (230 + -248) - -9?
22
What is the value of (-15 + 5 - 1) + -84 + -6 + 37?
-64
(-63 - -151) + -116 + 33
5
What is 2 - -245 - (-9966 + 10093)?
120
What is 6 - (4 + -2 - 3 - ((-10 - 19) + 3))?
-19
Evaluate (-2 - 39) + -60 + (96 - 37) + 11.
-31
Evaluate -20 + (10 - ((0 - 14) + (-6 - -17))) - 122.
-129
-1394 + 1355 + 116 + 1 - -38
116
What is 29 + (-27 - -8) - (0 + 15 - (4 + -2))?
-3
-12 - -171 - (327 + -254)
86
What is (8 - ((6 - 6) + -12 + 9)) + -1?
10
(121 - -1) + (475 - 476 - (6 - (4 - 4)))
115
Calculate 2 + 16 + (-16 - -18) - 11.
9
Calculate -19 + 8 + (7 - 2) + -9 + -3.
-18
-2 + 2 + 4 - (88 + -115 - (-31 + -4))
-4
-23 + (26 - 3 - 17 - ((-1 - 3) + 19))
-32
What is the value of -17 + (-66 - -80) + -51?
-54
What is the value of -4 + 6 + (-5 - -14) + -27 + (14 - 2)?
-4
What is the value of 189 + -123 + 12 - (0 - 45)?
123
-40 + 2 - ((-18 - (-23 + 10)) + 0)
-33
Evaluate (34 - 66) + 49 - -16.
33
Evaluate (-2 + 23 - 0) + 1229 + -1127 + 1.
124
Calculate (1 + -61 + 49 - (0 + -23)) + -27.
-15
What is the value of 1 + (-2 - 16) - (-1 + -21 - (2073 + -2088))?
-10
What is 14 + -16 + 0 + (-6 - (-35 + 3))?
24
What is the value of 15 + (-18 - 0) + -21 - 0?
-24
4 - 8 - (135 - (164 - 15))
10
Calculate (28 - 0) + -1029 + 1005 + 42.
46
-35 - -23 - ((0 - 77) + 13)
52
What is (-83 - (-14 + (-15 - -16))) + 23?
-47
-57 + (163 + -142 - (-1 - -2))
-37
Evaluate 24 + (-273 - -123) + 118.
-8
54 + -20 + -12 + -32
-10
What is 2 + -27 + 2 + -4 - -27?
0
What is the value of (2 - (-1 + -2)) + (416 - 414)?
7
What is the value of (8 - 2) + (-4 + 4 - 5) + -9 + 0?
-8
What is -12 + (11 - 15) + 59 + -154?
-111
Calculate -1 - (11 + 3) - (94 + -40 - 53).
-16
Calculate -1 + -22 - (-8 + (18 - (22 + -25))).
-36
2 + -20 - -12 - -4 - 12 - 13
-27
Evaluate (-42 - -39 - (-15 + 4)) + (-14 - -21).
15
Evaluate (841 + -816 - (36 - 0)) + 0 + (-1 - 8).
-20
What is the value of 21 + (-77 + -74 - (-13 + (13 - -13)))?
-143
What is -8 + (-22 - (-27 + (-22 - -22)))?
-3
0 - ((-310 - -291) + 18 + 1 - -21)
-21
(23 - (4 + -2 + (-8 - -15))) + -48
-34
(-26 - 1) + (-5 - -88)
56
9 - (4 + (5 - 11) + -55 + -11 + 12)
65
Evaluate -6 + -20 + (10 - (-16 - -24)).
-24
Evaluate 7 + (-32 - (12 - 38)) + -30 + (-2 - -1).
-30
What is 165 + -260 + 51 + 135?
91
What is 16 + (93 - 188) + (-20 - (6 + -9))?
-96
Evaluate 39 - (47 + -30 - -55).
-33
93 + 3 + 7 + -5 + -3 + 0
95
(-1 - -72) + (-47 - -73) + -48
49
What is -15 - (-115 - (-121 - -47))?
26
Calculate (-27 - (0 - -1)) + (-117 - 241 - -371).
-15
What is the value of 87 + (-503 + 543 - (3 - -48))?
76
Evaluate (3 - -3) + -14 - (39 - (-2 + 24)).
-25
What is the value of 28 - (-38 + 31) - 45?
-10
Evaluate (-15 - 64) + 78 - 56.
-57
-27 - (-63 + -61 + 99)
-2
37 - (-37 + -3 + 41 - (0 - -11))
47
What is the value of 15 + (7 - 5) - (215 + -199)?
1
What is the value of 14 - (-46 + 5) - (-3 + 20)?
38
What is the value of -8 + -3 + 1 - (-27 + 15 + 13) - -3?
-8
What is the value of 6 - (15 - 41) - 53?
-21
What is the value of (1 + -8 - -1) + (-284 + 291 - (-1 - -54))?
-52
What is the value of -15 + 34 + (18 - 30) + (-2 - (-42 + -2))?
49
What is the value of -10 + (10 + -8 - (19 + -20 + 7))?
-14
Evaluate (-131 - (-287 + 150)) + -1 + -12 + (0 - -1).
-6
What is the value of 0 - 16 - (-1135 + 965 + 62 + -2)?
94
Calculate (-8 - -14) + 3 + 11 + -17.
3
What is (1 - -3) + 1 - ((-24 - -37) + (57 - 38))?
-27
(-2 - -42) + 674 + -709 + 0 + (